 Let q(m) = -m**2 - 7*m - 17. Let c(b) = -b**2 - 8*b - 19. Let x(f) = 8*c(f) - 9*q(f). What is x(d)?
7
Let a = -37 - -57. Suppose -25*d = -a*d + 10. Let o(z) be the third derivative of z**6/30 + z**5/20 + z**4/12 - z**3/3 + 13*z**2. Give o(d).
-26
Let u be 8*1 + 1 + (-5 - -4). Let f(k) = -k**3 - k + 1. Let r(v) = 2*v**3 - 7*v**2 - 8*v - 5. Let j(q) = -f(q) - r(q). Calculate j(u).
12
Let q(r) = 3174*r**2 + 6*r**3 - 20*r**3 + 5 - 3171*r**2 - 5 - r. Give q(1).
-12
Let z(h) = h**2 - 9*h + 4. Let y(u) = u**3 - 20*u**2 + u - 28. Let o be y(20). Let c(d) = d**2 - 55. Let k be c(o). Determine z(k).
4
Let v = 26939 + -26945. Let r(x) = -2*x**2 - 8*x + 13. Determine r(v).
-11
Let t(d) = 213*d + 22*d**2 - 433*d + 217*d + 28 - 81 + d**3. Give t(-22).
13
Let c(m) be the second derivative of -m**6/360 - m**5/60 + 7*m**4/24 + m**3/6 + 40*m**2 - 2*m + 89. Let u(w) be the second derivative of c(w). Give u(-5).
-8
Suppose -13 = 171*m + 9 - 22. Let k(w) = 2*w + 70. Determine k(m).
70
Suppose 3*n + 5*n = -12*n - 11*n. Let g(m) = m**3 - m**2 - 3*m - 4. Calculate g(n).
-4
Let v(i) = -i**2 + i + 2. Let z(d) = d**2 - 3*d - 31. Let m be z(-4). Let l be (-7)/m - 70/(-105). Calculate v(l).
-4
Let i = -48 - -54. Suppose 10 = -4*x - i. Let b(t) be the first derivative of -t**3/3 - 3*t**2/2 + 4*t - 16. What is b(x)?
0
Let d(r) = -6*r + 0 + 2*r - 3 + 3*r. Calculate d(-4).
1
Let i(l) be the third derivative of 0 + 1/24*l**4 - 19/3*l**3 + 11/120*l**5 + 0*l - 39*l**2. Let y(x) be the first derivative of i(x). Determine y(-1).
-10
Let w(t) = -3*t. Let u = -50 + 50. Let r be 0/(-3 - u) + 5 + -2. Suppose r*z - 8*z - 4*k - 24 = 0, 0 = 2*z + 3*k + 11. What is w(z)?
12
Let o(y) = 112 + 13*y + y**2 + 106 - 217. Let p = -2709 + 2696. Calculate o(p).
1
Let g(c) = 4*c**2 + 10*c - 8. Let r(z) = -10*z**2 - 25*z + 20. Let m(k) = -12*g(k) - 5*r(k). Give m(-3).
-1
Let f(p) = 0*p + 0*p + 70 - 4*p - 71. Give f(-10).
39
Let x(k) = 21*k - 131. Suppose 25*w - 22*w - 3 = -3*o, 0 = -3*w - 15. Calculate x(o).
-5
Let m(v) = -3*v - 3. Let i be 2/6 - 232/(-6). Suppose -258 = 25*b - 408. Suppose 5*z + b*c - 2*c - i = 0, 3*c + 4 = z. Give m(z).
-24
Let u = -139 + 165. Suppose 0 = -20*f + u*f + 18. Let t(k) = -3*k + 1. Give t(f).
10
Let h be ((-3)/18*-3)/(6/1476). Let l(z) = 61*z - h*z + 55*z. Determine l(-1).
7
Let w = -139 + 142. Suppose w*i - 3*o - 5 = 7, 3*i + 5*o = 20. Let l(d) = 3*d - 1. Calculate l(i).
14
Let h(q) = -q**2 + 7*q + 7. Suppose -215 = -14*p + 9*p. Suppose -p = 18*f - 205. Calculate h(f).
-11
Let z(i) = -2*i + 18. Let w be z(9). Suppose -5*j = -3*b - 0*b + 43, -5*b - 5*j + 5 = w. Let c(n) be the third derivative of -n**4/12 - 2*n**2. Calculate c(b).
-12
Let s(i) = -2*i - 16. Let u be 1/((-1)/(-4)) + (-11295)/(-45). Let h be ((-204)/u)/(1/10). What is s(h)?
0
Suppose 6*d + 237 = 5*d - 3*m, -3*m + 510 = -2*d. Let o = d + 253. Let i(w) be the first derivative of w**3/3 - w**2/2 - 5*w - 1. Calculate i(o).
7
Let x(s) = -s - 1. Let l be (-3)/9*(6 - 9). Let f be l*8/(-24) + 49/3. Suppose -3*y - f = -4*i, -3*y - 4*i = 6 + 2. Determine x(y).
3
Let z(h) = -17*h**3 + 59*h**2 - 78*h + 174. Let n(p) = 10*p**3 - 31*p**2 + 38*p - 88. Let u(t) = 5*n(t) + 3*z(t). What is u(20)?
2
Let u(n) = -n**2 + 16*n - 2. Let q = -1354 - -1370. What is u(q)?
-2
Let q(h) = -5*h + 8. Let y be 0 + 8/(-14) + ((-2323)/161 - -22). Calculate q(y).
-27
Let j(d) be the third derivative of -d**6/120 - 2*d**5/15 - 3*d**4/8 - d**3/2 - 197*d**2 + 3. Determine j(-7).
11
Let a be (-2691)/(-4 + -5) + 1 + 0. Let l = a - 302. Let i(j) = 3*j**2 - 3*j - 2. Determine i(l).
16
Let a be (10/(-15))/((-2)/(-294)). Let f = a - -94. Let l(v) = 2*v - 2. Let y(n) = n - 1. Let b(z) = f*y(z) + l(z). Determine b(3).
-4
Let g(a) = 13*a + 1. Let n(v) = -29*v - 2. Let t(d) = 13*g(d) + 6*n(d). Suppose 4 - 8 = 2*q. Determine t(q).
11
Let g = 1181 - 1170. Let s(m) = -23*m + 53*m + 8 - 34*m. Calculate s(g).
-36
Let x(t) = -t**3 - 7*t**2 - 5*t + 5. Let o(u) = -u**3 + 10*u**2 + 14*u + 4. Let y be o(11). Suppose -y = 3*z + 3*n - 7, 5*z + 22 = 2*n. Calculate x(z).
-1
Let p(s) = 30*s + 6. Let l(d) = 90*d + 16. Let t(h) = 3*l(h) - 8*p(h). Let z(v) = -v. Let u(g) = t(g) + 12*z(g). Give u(-1).
-18
Let w(q) = 16*q**2 + 25. Let m(p) = 3*p**2 + 5. Let j(b) = -11*m(b) + 2*w(b). Let o be 6/9 + (0 - 4/6). Calculate j(o).
-5
Let n(z) be the second derivative of -z**4/12 + 13*z**3/6 - 35*z**2/2 - 2148*z. Give n(9).
1
Let m(l) = -64*l**2 - 6*l. Let a(b) = -102*b**2 - 10*b. Let r(z) = 5*a(z) - 8*m(z). Determine r(3).
12
Let f(c) be the second derivative of 1/3*c**3 - 9*c - 9/2*c**2 + 0. Determine f(7).
5
Let l(g) = -19*g + 7*g + 7*g + 3*g. Let u = -49 - -1. Let r = u + 51. Calculate l(r).
-6
Let q = 6526 - 6539. Let y(d) = -d**2 - 17*d - 52. Determine y(q).
0
Let s(p) = -8*p + 11. Let g(c) = -58*c + 83. Let f(r) = -2*g(r) + 15*s(r). Calculate f(3).
-13
Let u(n) be the second derivative of 13*n**3/6 + n**2/2 + 43*n + 4. Give u(3).
40
Let t(w) = 14*w**3 - 7*w + 12 + 2*w**2 + w - 13*w**3. Let a = 4438 + -4442. Give t(a).
4
Let s(z) = -4*z - 54 - 44*z**2 - 3*z + 31*z**2 + 23*z**2. Let l(y) = 7*y**2 - 5*y - 36. Let v(d) = 7*l(d) - 5*s(d). Determine v(0).
18
Let q(t) = -10*t**2 + 73*t**2 - 21*t**2 - 19*t**2 + 138 - 22*t**2 + 24*t. Give q(-9).
3
Let g be ((-5)/(-3))/(0 - (-3)/9). Suppose 3*c + 15 = -3*a - a, -3*a = -c - g. Suppose d + 0*d = a. Let o(m) = -m**3 + m. Determine o(d).
0
Let g(x) = x**2 + 5*x - 1. Let r be ((-6)/27)/1 - 228/(-54). Suppose -15 = -r*y - o - 32, 0 = 3*o + 3. Give g(y).
-5
Let u(c) = 11*c**2 - 13*c + 6. Let d be u(5). Suppose 8*j + d = 224. Let a(s) = 11*s**3 - 2*s**2 + 1. What is a(j)?
10
Let g(z) be the first derivative of -z**3/3 + 4*z**2 - 33*z - 2114. What is g(3)?
-18
Let r(v) = 5*v**3 + 3*v**2 + 8 - 8*v**3 + 2*v**3 - 2*v**2. Let o be 32/10 - (29/(-5) + 6). Suppose o*m - m = -5*m. What is r(m)?
8
Let v be (-12)/(1 + -25)*(0 - 2) + -2. Let t(m) = -2*m - 9. What is t(v)?
-3
Suppose 44*f = 38*f + 66. Let y(z) be the second derivative of z**4/12 - 11*z**3/6 - z**2 - 74*z - 1. Determine y(f).
-2
Let h be 16/(-10)*360/(-32). Let k(y) = y**2 - 25*y + 12. Determine k(h).
-114
Let a(h) = 4*h - 6. Let y(z) = 7 + z**2 - 3 + 0 + 5*z + 0. Let i be y(-5). Suppose 4*m = -3*f + 16 + 16, -i*f - 3*m = -31. Give a(f).
10
Let n(u) be the second derivative of 3*u**3/2 + u**2/2 - 2*u. Let p = 30063 + -30066. Calculate n(p).
-26
Suppose -89*j = -84*j - p - 21, -5*j = 2*p - 3. Let l(z) = 16*z - 51. What is l(j)?
-3
Let m(l) = -l**2 + l + 2. Suppose 0 = b - 1, 0 = o - b + 5 + 1. Let v be (0/3)/((-5)/(o/(-2))). Determine m(v).
2
Suppose 486 = -11*p + 197*p - 2304. Let i(u) = u**3 - 14*u**2 - 14*u + 30. What is i(p)?
45
Let z(n) = 15*n. Let c(k) = 13*k + 2. Let o(j) = -8*c(j) + 7*z(j). Let u be 1 - (0 - -24)/(-3). Calculate o(u).
-7
Let t(w) be the second derivative of -w**5/20 - w**4/4 + 11*w**3/3 + 17*w**2/2 + 18*w + 14. Give t(-6).
-7
Let x be (-28)/14 - 2*2/(-2). Let a(m) = 12 + 56*m - 32*m + 6 + 0*m**2 - 23*m - m**2. Calculate a(x).
18
Let r(p) be the second derivative of p**6/360 - p**5/15 - p**4/12 - 113*p**3/6 - 207*p. Let l(z) be the second derivative of r(z). Give l(7).
-9
Let a(m) = m**2 - 5. Let s be 3 + 14 + -4 + -3. Suppose -15*i + s*i = 25. What is a(i)?
20
Let c(g) = g**3 - 7*g**2 + 4*g + 0*g**3 + g**2 - 3. Suppose 0*i + 3*i + 39 = -5*d, 4 = i - 4*d. Let b(k) = -20*k - 155. Let a be b(i). Calculate c(a).
-8
Let o(p) be the first derivative of 1/2*p**2 - 2*p - 21. Calculate o(1).
-1
Let o(s) = s**3 + s**2 - 2*s - 5. Let p(n) = n**3 - 2*n - 4. Let d be 1/(-4) + 18/8. Suppose 228*t + 108 = 192*t. Let b(h) = d*o(h) + t*p(h). Calculate b(3).
-1
Let x(k) = k**3 - 10*k**2 - 11*k - 3. Let s be (2/(-10))/((-1322)/110 - -12). Give x(s).
-3
Let w(t) = 15*t - 72. Let c = -7086 + 7090. Calculate w(c).
-12
Suppose -6*b = -5*b + 3*o + 14, -3*o - 18 = -3*b. Let v be b/((4/(-14))/(60/(-21))). Let l(g) = g**3 + 68*g**2 - g + 0*g**3 - 78*g**2 + 4. Determine l(v).
-6
Let b(n) be the second derivative of 1 - n + 3/2*n**2 - 1/4*n**4 + 1/2*n**3. Determine b(-2).
-15
Let b = -19 - -24. Suppose -2*j + 5 = 2*u - b, 1 = 5*u - 3*j. Suppose 4*h + 2*z + 0*z = -6, -9 = 5*h + u*z. Let v(a) = -a**2 + 2*a + 2. Determine v(h).
-13
Let g(k) = k**2 + 7*k + 13. Let t be g(-2). Let x(j) = 208*